= t. Suppose 2*s + t = 6*s. Calculate the remainder when s is divided by 20.
18
Suppose -60 + 10 = -r - y, 5*r - 262 = y. What is the remainder when r is divided by 14?
10
Let n = -91 + 64. Let j = 49 + n. Let f(l) = l**3 - 6*l**2 + 8. What is the remainder when j is divided by f(6)?
6
Let w(k) = k**2 + 3*k + 6. Suppose -2*y = -0*y + 12. Calculate the remainder when 46 is divided by w(y).
22
Let p = 3 + -3. Suppose p = 3*y - 3*q - 60, -12 = -y - q + 4*q. Suppose y = 2*i - 5*r, 4*r - 48 = -3*i + 34. What is the remainder when i is divided by 8?
6
Let u = 30 - 34. Let z = -36 - -6. What is the remainder when u + 1 - z - -3 is divided by 8?
6
Let a = -14 - -44. Let i = a - 12. What is the remainder when 486/14 + 2/7 is divided by i?
17
Let g(j) = j**3 - 7*j**2 + 2*j + 1. What is the remainder when g(7) is divided by 9?
6
Suppose -3*v + 15 = 3*l, l = 4 - 2. Suppose v*s = 5*s - 26. Calculate the remainder when s is divided by 4.
1
Let v(o) = -o**3 + 6*o**2 + 7*o. Let m be v(7). Suppose m*k + 153 = 5*n + 2*k, -5*n + 5*k + 160 = 0. Calculate the remainder when n is divided by 11.
9
Suppose -c + 0*c + 45 = 0. What is the remainder when -145*(-6)/c*3 is divided by 15?
13
Let r = -1 - -3. Let p(t) = -t**3 - 3*t**2 + 2*t + 4. Let k be p(-3). Calculate the remainder when r is divided by (-2 + 5 + k)*1.
0
Let s(b) = 2*b**2 - 4*b + 4. Let f be s(-5). Suppose 0 = -5*n - 5*d + 175, -n + f = n + d. What is the remainder when n is divided by 14?
11
Suppose -3*g - 6 = -4*g. Let f(q) be the second derivative of -q**4/12 + 13*q**3/6 - 2*q**2 + 3*q. Calculate the remainder when f(g) is divided by 13.
12
Let v = 20 + -14. Suppose -q - v = -4*w - 25, 5*w + 22 = q. What is the remainder when q is divided by 3?
1
Let r(h) = 3*h**2 + 3*h + 2*h + 9 - 4*h**2. Calculate the remainder when 5 is divided by r(6).
2
Let y be (-4)/(-18) + 1101/27. Let g = -6 + y. Calculate the remainder when g is divided by 12.
11
Suppose -561 = -3*a - 14*a. What is the remainder when a is divided by 7?
5
Suppose -3*w + 3 = -2*w. Suppose -50 = -w*a - 11. Calculate the remainder when 25 is divided by a.
12
Let f = 12 - 5. Let t(n) = n + 26. Calculate the remainder when t(0) is divided by f.
5
Suppose x + 0*x = 2*o + 52, 4*x + 3*o = 219. What is the remainder when x is divided by 14?
12
Let n be 12/(-9) - 2/3. Let m(w) be the first derivative of 4*w**3/3 - 2*w**2 - 3*w + 4. What is the remainder when m(n) is divided by 12?
9
Let o(a) = 4*a**2 + 2*a - 1. Calculate the remainder when 42 is divided by o(-2).
9
Suppose 5*w - w - 76 = 0. Calculate the remainder when w is divided by 10.
9
Suppose -2*t + 1 = -7. Let d(p) = -3*p**3 + 3*p + 1. Let w be d(-2). Let k = w - t. Calculate the remainder when 43 is divided by k.
13
Let a = 11 - 5. Calculate the remainder when (71 + -5)*2/a is divided by 12.
10
Let p(x) = -x**3 + 7*x**2 + 4*x - 10. Let o = 3 - 3. Suppose o = -2*j + 5*w + 114, w = -2 - 0. What is the remainder when j is divided by p(7)?
16
Let n be (-2)/2*(-6)/(-3). What is the remainder when (3/n)/((-15)/440) is divided by 23?
21
Let p = -1 - -6. Suppose 5*n + 25 = 3*f, -2*n = 4*f + n - 14. Suppose -3*q = 3*a - 57, -f*a + 2*q = -3*q - 45. Calculate the remainder when a is divided by p.
4
Let q = -229 + 391. Calculate the remainder when q is divided by 33.
30
What is the remainder when (-350)/(-8) + (-2)/(-8) is divided by (-91)/(-4) - (2 + (-36)/16)?
21
Calculate the remainder when (-7 + -38)*(-3)/9 is divided by 11.
4
Let p be (-1 - 2)/((-9)/(-24)). Let f = 6 - p. Suppose -2*h + f = -h + 2*z, 48 = 3*h + 3*z. What is the remainder when 35 is divided by h?
17
Suppose -3*p = -83 - 169. What is the remainder when p is divided by 29?
26
Suppose 0*c - 80 = -2*c. Calculate the remainder when c is divided by 14.
12
What is the remainder when (-2338)/(-154) + (-4)/22 is divided by 6?
3
What is the remainder when 76 is divided by ((-2)/(-1) - 7)*32/(-10)?
12
Let u(y) = -3 - 3*y - 3*y + 2. What is the remainder when u(-6) is divided by 12?
11
Suppose 2*y + 4*x = 28, 4*x = 2*y - y - 2. Calculate the remainder when -1*(0 + 19)/(-1) is divided by y.
9
Suppose 0 = 5*v - 2 - 8. Calculate the remainder when (-2 - 1)/(v/(-38)) is divided by 20.
17
Let a(j) = j**3 + 8*j**2 + 3*j - 2. Let z = -5 - -2. Calculate the remainder when a(z) is divided by 9.
7
Let t(j) = -3*j - 6. Suppose 34 + 238 = -2*y. Calculate the remainder when y/6*(-3)/2 is divided by t(-6).
10
Let z(q) = -q**2 + q + 27. Let f be z(0). Let r = f + -16. What is the remainder when r is divided by 3?
2
Let l(s) be the first derivative of -3 + 13/3*s**3 + 0*s**2 - 2*s. Calculate the remainder when l(-2) is divided by 17.
16
Let y(x) = 2*x**2 - 8*x - 51. What is the remainder when 3/(((-2)/(-34))/1) is divided by y(-4)?
12
Suppose 10*l - 182 = 48. What is the remainder when (-2)/(-3) - (-199)/3 is divided by l?
21
Let n = 9 + 4. Calculate the remainder when n is divided by 4.
1
Let m be -3 + (5 + -3 - -21). Suppose -3*b - b + m = 0. What is the remainder when 14 is divided by b?
4
Let t(r) = -r**2 - 6*r. Let h be t(-6). Let w be 2/2 - (h - 3). Suppose -60 = -p - w*p. Calculate the remainder when 23 is divided by p.
11
Let k be 18*1 + 3 + -1. Suppose b - k = 1. What is the remainder when b is divided by 11?
10
Suppose 0 = 5*r - 4*r - 4. What is the remainder when 6 is divided by r?
2
Let r(x) = -2*x**2 - 2*x + 1. What is the remainder when r(0) is divided by 1?
0
Suppose -4*q = -0*q - 16. Suppose -4*p - 72 = -q*a, 3*a - 2*p - 30 - 28 = 0. What is the remainder when a is divided by 12?
10
Suppose 9*s - 124 = -43. Calculate the remainder when 25 is divided by s.
7
Let s(q) = -q**3 - 3*q**2 + 9*q + 25. Calculate the remainder when s(-6) is divided by 20.
19
Let x = -5 + 25. What is the remainder when x is divided by 6?
2
Suppose 0 = -17*d + 8*d + 774. Calculate the remainder when d is divided by (2/(-5))/((-1)/55).
20
Let u = -13 - -34. What is the remainder when 39 is divided by u?
18
Let v(f) = 7*f + 21. Calculate the remainder when v(3) is divided by 15.
12
Let y(u) = -u**2 - 24*u + 40. Let l = 2 + -5. Let q(c) = 3*c**2 - 2*c - 4. Calculate the remainder when q(l) is divided by y(-25).
14
Let i(d) = -d**2 + d + 12. Let y be i(0). Let q = y + -2. Let n(p) = -p + 13. Calculate the remainder when n(q) is divided by 2.
1
Suppose -2*q + 2*h - 6*h = -12, 4*h + 28 = 3*q. Calculate the remainder when 23 is divided by q.
7
Let r(s) = -s + 10. Let y be r(7). Suppose 0 = i + 2*k - 35, 5*k - 3 + 53 = y*i. Let h = 7 + 6. What is the remainder when i is divided by h?
12
Calculate the remainder when (4 - 102)*-1 + 0 is divided by 25.
23
Suppose -4*d - 3*t = 7 - 0, 4*t = 5*d - 30. What is the remainder when 1*3*14/d is divided by 12?
9
Suppose -73 = -4*t - 5*h, -3*t - 3*h - 48 = -6*t. Let o = t + -4. Let w(s) = 39*s**2 + 2*s + 1. Calculate the remainder when w(-1) is divided by o.
12
Let i = -14 + 31. What is the remainder when 32 is divided by i?
15
Let c(y) = -3*y**2 - 2*y + 2. Let p(a) = 6*a**2 + 5*a - 4. Let r(w) = -13*c(w) - 6*p(w). What is the remainder when r(4) is divided by -4*(3 + -2 - 5)?
14
Suppose 3*p - 36 = 4*b - b, b = 5*p - 68. Let m(j) = j**2 - j - 2. What is the remainder when p is divided by m(3)?
2
Let q(g) = g**2 - 9*g + 5. Let x = -9 - -18. Let l be q(x). Suppose -l*h + 4*z = -236, -5*h + 4*z = -h - 192. Calculate the remainder when h is divided by 15.
14
Suppose -4*i = 5*k - 39, -4*k = -3*i - 3*k + 15. Suppose -3*p + 0*u + 26 = 4*u, -5*u - 55 = -5*p. Calculate the remainder when p is divided by i.
4
Let y(w) = w**2 + 5*w - 9. Let d be y(-7). Suppose -d = 2*g - 35. What is the remainder when 42 is divided by g?
12
Suppose -3*f + 9 = -3. Suppose 0 = 4*c + c - f*p + 41, -4*c = 3*p + 8. Let n(b) = b**3 + 7*b**2 + 7*b + 6. What is the remainder when 40 is divided by n(c)?
19
Let g(a) = 5*a + a**2 + 4 + 4 - 3 + 3*a. What is the remainder when (2/4)/((-1)/(-16)) is divided by g(-8)?
3
Suppose -2*p + 55 - 3 = 0. What is the remainder when p is divided by 10?
6
Suppose 3*c - 12 = -0*c. Let n(l) = 2*l**2 + 8*l - 7. What is the remainder when 1/c - 81/(-12) is divided by n(-5)?
1
Suppose -1 = -i + 1. What is the remainder when 6 is divided by i?
0
Let h(t) = t**2 - 2*t + 2. Let c be h(2). Let v(m) = 2*m + 0*m**2 + 3*m**2 - m + 1 - 2*m**c. Calculate the 